
-16
Let x(o) = o**3 - 17*o**2 - 2*o + 34. What is x(17)?
0
Let n(a) = a**3 + 12*a**2 + 13*a - 7. Calculate n(-11).
-29
Let x(p) = 2*p**3 - 164*p**2 + 173*p - 519. Calculate x(81).
372
Let s(l) = -99*l**2 - 393*l + 12. Give s(-4).
0
Let t(k) = 88*k + 767. Calculate t(-10).
-113
Let l(m) = m**2 + 59*m + 480. Give l(-10).
-10
Let f(q) = -q**3 - 71*q**2 - 72*q - 141. What is f(-70)?
-1
Let i(s) = 21*s**2 - 261*s - 55. Give i(13).
101
Let c(f) = -14*f + 89. Calculate c(8).
-23
Let j(q) = -6*q**2 + 24*q + 4. What is j(4)?
4
Let z(w) = 4*w**2 - 8*w - 1. Calculate z(-3).
59
Let c(g) = 3432*g - 23972. What is c(7)?
52
Let u(l) = -13051*l - 300170. Determine u(-23).
3
Let w(q) = -653*q - 1886. What is w(-3)?
73
Let h(s) = -s**2 + 54*s - 735. Give h(20).
-55
Let y(h) = 20*h - 1255. Give y(63).
5
Let j(r) = -44*r + 1558. Determine j(33).
106
Let s(w) = 25*w - 36. Determine s(2).
14
Let j(q) = -q**3 - 30*q**2 - 25*q - 1. Give j(-29).
-117
Let y(l) = l**2 - 58*l + 90. What is y(56)?
-22
Let m(l) = 119*l - 4610. Determine m(39).
31
Let z(b) = -132*b + 2904. Calculate z(22).
0
Let u(p) = -p**2 + 30*p + 718. Calculate u(46).
-18
Let y(v) = -18*v - 1273. Give y(-69).
-31
Let f(r) = -31*r**2 - 369*r + 36. Calculate f(-12).
0
Let z(o) = -o**3 + 34*o**2 + 2*o + 82. Calculate z(34).
150
Let a(d) = -3*d**2 - 284*d + 288. Give a(1).
1
Let y(k) = -k + 61. Calculate y(-13).
74
Let c(m) = 693*m - 713. Determine c(1).
-20
Let s(g) = g**3 - 31*g**2 + 111*g - 42. Give s(27).
39
Let z(f) = -68*f - 520. Give z(-8).
24
Let z(m) = -382*m - 22912. Determine z(-60).
8
Let g(w) = -w**3 - 50*w**2 + 28*w + 3762. Calculate g(-49).
-11
Let a(l) = -5*l**2 + 111*l + 1777. What is a(33)?
-5
Let r(x) = x**3 - 20*x**2 - 207*x + 4378. What is r(18)?
4
Let s(t) = -551*t + 4964. What is s(9)?
5
Let v(l) = -l**2 - 13*l + 27. Calculate v(4).
-41
Let y(c) = -2*c**3 + 50*c**2 + 446*c. What is y(-7)?
14
Let d(r) = 3*r**2 - 3*r + 18. Give d(0).
18
Let i(s) = -s**3 + 7*s**2 + 28*s + 22. Give i(10).
2
Let j(l) = -l**3 - 25*l**2 + 2*l + 1. Calculate j(0).
1
Let l(k) = k**3 - 20*k**2 + 94*k + 28. Give l(12).
4
Let p(b) = 4*b**2 + 266*b - 2377. What is p(8)?
7
Let x(t) = -t**3 + 15*t**2 - 35*t + 26. Calculate x(6).
140
Let m(t) = -t**3 + 655*t**2 - 2608*t - 14. Give m(4).
-30
Let g(i) = -936*i - 39312. Give g(-42).
0
Let y(t) = -t**2 + 887*t - 6209. Calculate y(7).
-49
Let x(r) = 10*r**2 + 58*r + 1. Give x(-7).
85
Let s(l) = -3*l**2 + 2*l + 32. Give s(-5).
-53
Let n(w) = -w**3 + 40*w**2 - 485*w + 1833. What is n(11)?
7
Let j(c) = c**3 + 17*c**2 - 19*c + 365. Determine j(-19).
4
Let s(i) = -i**3 - 29*i**2 - 118*i + 51. What is s(-24)?
3
Let c(t) = -t**2 - 1964*t + 9840. Determine c(5).
-5
Let i(m) = m**3 + 14*m**2 - 16*m - 25. What is i(-15)?
-10
Let d(n) = 18*n**2 - 9*n + 6. Determine d(-3).
195
Let y(t) = 124*t - 1863. Calculate y(15).
-3
Let s(y) = 3*y**3 + 16*y**2 + 2*y - 7. Calculate s(-5).
8
Let z(a) = -5*a**2 - 530*a + 10. Give z(-106).
10
Let t(z) = z**3 - 32*z**2 - 74*z + 306. Give t(34).
102
Let l(x) = -x**3 - 61*x**2 + 128*x + 48. What is l(-63)?
-78
Let j(i) = -49*i - 319. Give j(-13).
318
Let h(v) = 3264*v + 32607. Calculate h(-10).
-33
Let w(m) = -26*m + 70. Give w(-9).
304
Let j(l) = 13*l**3 + 9*l**2 + 5*l. Calculate j(-4).
-708
Let i(n) = 2*n**3 - 78*n**2 + 26*n - 809. Calculate i(39).
205
Let n(k) = -k**2 - 10*k + 56. Give n(6).
-40
Let x(w) = 2*w**2 + 56*w - 44. Calculate x(-27).
-98
Let h(b) = 346*b + 2084. Calculate h(-6).
8
Let u(b) = -7*b**2 + 19*b + 302. Determine u(-11).
-754
Let b(t) = -70*t + 10942. Determine b(156).
22
Let y(c) = c**3 - 34*c**2 + 76*c - 361. Give y(32).
23
Let l(b) = -3*b**2 - b + 116. Determine l(-6).
14
Let f(v) = -v**3 - 2*v**2 + 47*v + 149. Give f(-3).
17
Let f(q) = -491*q - 8836. What is f(-18)?
2
Let l(q) = q**3 - 18*q**2 - 78*q + 907. Determine l(6).
7
Let b(y) = -26*y - 75. Give b(-6).
81
Let r(m) = m**3 - 5*m**2 - 2*m - 65. Calculate r(0).
-65
Let s(n) = -n + 58. Give s(90).
-32
Let d(s) = -s**3 + 62*s**2 + 179. What is d(62)?
179
Let u(j) = -j**3 + 39*j**2 - 2*j + 155. Give u(39).
77
Let j(v) = -132*v - 121. Calculate j(-1).
11
Let y(u) = -965*u - 8613. Give y(-9).
72
Let b(y) = -25*y - 892. What is b(-33)?
-67
Let g(o) = o**3 - 45*o**2 - 49*o + 128. Determine g(46).
-10
Let d(p) = 9*p**3 + 91*p**2 + 13*p + 7. Determine d(-10).
-23
Let z(c) = -41*c**2 - 370*c - 324. What is z(-8)?
12
Let j(y) = -7*y - 284. Determine j(-42).
10
Let b(w) = 947*w - 38836. Determine b(41).
-9
Let i(q) = 238*q**2 + 11188*q + 82. Calculate i(-47).
-12
Let x(r) = -8*r**2 + 4*r - 5. Calculate x(1).
-9
Let d(r) = 1059*r + 170496. What is d(-161)?
-3
Let q(r) = -5*r**2 - 49*r - 106. Determine q(-7).
-8
Let g(b) = -b**2 + 8*b - 8. Determine g(4).
8
Let t(o) = 9*o**2 + 16*o - 14. Calculate t(1).
11
Let o(v) = -v**3 - 116*v**2 + 105*v - 1395. Give o(-117).
9
Let w(k) = -k**3 + 20*k**2 - 63*k - 3. What is w(12)?
393
Let v(h) = h**3 + 9*h**2 + 22*h + 89. Give v(-9).
-109
Let s(p) = p**2 - 299*p - 2473. Give s(-8).
-17
Let m(g) = -g**2 + 14*g + 244. Give m(-10).
4
Let l(u) = 43*u - 470. Determine l(11).
3
Let l(x) = x**3 - 113*x**2 - 128*x + 1640. Determine l(114).
44
Let k(d) = 827*d - 3304. Give k(4).
4
Let b(k) = -44*k - 1381. What is b(-31)?
-17
Let a(s) = -7*s**2 - 49*s - 78. Give a(-5).
-8
Let a(g) = -2*g**3 - 75*g**2 + 130*g + 499. Determine a(-39).
-8
Let s(w) = -102*w - 4070. What is s(-40)?
10
Let i(c) = -242*c - 3447. Give i(-14).
-59
Let l(v) = -12*v**2 + 569*v + 1557. Give l(50).
7
Let m(h) = -2*h**3 + 2*h**2 + 23*h. Give m(-3).
3
Let a(m) = 5*m**2 + 20*m - 79. Give a(4).
81
Let x(u) = 2525*u - 27769. Calculate x(11).
6
Let z(v) = v**2 - 5*v - 1. Give z(8).
23
Let k(l) = -218*l + 2615. Calculate k(12).
-1
Let i(g) = 310*g - 3709. Calculate i(12).
11
Let l(h) = 397*h - 267. Calculate l(4).
1321
Let a(v) = v**2 - 45*v + 412. What is a(35)?
62
Let y(l) = -310*l**2 - 10226*l + 141. What is y(-33)?
9
Let g(l) = 2*l**2 + 11*l - 374. Calculate g(11).
-11
Let f(h) = 3590*h - 46641. Give f(13).
29
Let w(v) = 6*v**3 + 188*v**2 + 185*v + 2. Give w(-1).
-1
Let d(r) = -10*r**3 + r**2 - 10*r + 13. Give d(2).
-83
Let w(d) = 63*d + 179. What is w(-3)?
-10
Let q(v) = 10*v**2 + 347*v + 2806. Give q(-22).
12
Let r(u) = -186*u**2 - 598*u + 598. Calculate r(1).
-186
Let o(n) = -n**2 - 1567*n - 3137. Calculate o(-2).
-7
Let u(w) = -22*w**2 + 835*w + 81. Give u(38).
43
Let b(u) = -u**3 + 12*u**2 - 19*u + 76. Calculate b(10).
86
Let w(s) = 3*s**2 - 11*s - 128. Give w(-7).
96
Let y(t) = -6*t**3 + 2*t**2 - 91*t + 19. Calculate y(0).
19
Let k(v) = 16645*v - 133155. Give k(8).
5
Let h(i) = 6*i**2 + 620*i + 4756. Determine h(-95).
6
Let g(i) = 44*i + 1260. Determine g(-28).
28
Let k(x) = 115*x + 4101. What is k(-36)?
-39
Let m(p) = -12*p**2 + 651*p + 542. What is m(55)?
47
Let h(m) = 209*m + 13803. Give h(-66).
9
Let o(n) = -4*n**2 - 52*n - 28. What is o(-14)?
-84
Let t(l) = -50*l + 657. Determine t(21).
-393
Let u(b) = 4*b**3 - 68*b**2 + b - 22. Calculate u(17).
-5
Let s(o) = 3*o**2 - 368*o + 7111. Give s(24).
7
Let k(n) = -21*n**2 + 1759*n - 1339. Calculate k(83).
-11
Let m(f) = -f**3 - f**2 + 26*f - 29. Give m(4).
-5
Let t(x) = 2*x**3 - 112*x**2 - 107*x - 394. Give t(57).
5
Let y(r) = 48*r - 793. Determine y(13).
-169
Let a(u) = -2*u**3 + 23*u**2 - 13*u + 46. Calculate a(11).
24
Let b(i) = -2999*i - 20974. Determine b(-7).
19
Let i(h) = 266*h + 24221. Give i(-91).
15
Let k(c) = -c**2 - 559*c - 12307. What is k(-23)?
21
Let h(y) = -7*y + 92. What is h(8)?
36
Let w(c) = 387*c - 748. Calculate w(2).
26
Let w(t) = -t**3 + 31*t**2 + 7*t - 234. Give w(31).
-17
Let y(r) = 4369*r + 74282. Calculate y(-17).
9
Let s(l) = l**3 - 183*l**2 - 2761*l + 578. Calculate s(197).
-13
Let d(u) = u**2 - 50*u + 310. What is d(8)?
-26
Let u(v) = -2*v**2 + 19*v - 199. Give u(10).
-209
Let b(p) = -2*p**2 - 70*p - 444. What is b(-33)?
-312
Let j(p) = p**3 + p**2 + 16*p + 294. Determine j(0).
294
Let c(y) = 4*y**3 - 42*y + 42. Give c(1).
4
Let f(n) = 2*n**2 + 83*n + 846. What is f(-23)?
-5
Let p(j) = 238*j + 765. Determine p(-3).
51
Let b(k) = -18*k**2 + 1547*k + 78. What is b(86)?
-8
Let f(w) = -w**3 - 12*w**2 + 15*w + 43. Give f(-13).
17
Let m(v) = v**3 + 17*v**2 + 86*v + 322. Determine m(-12).
10
Let p(a) = -2*a**